 x = j + 83. What is the tens digit of x?
9
Suppose -317*p - 3486 = -324*p. What is the tens digit of p?
9
Suppose -4*j + 32 = 4*d, -5*j - 8*d = -4*d - 44. Let v(a) = -2*a**2 + 26*a - 11. Let p be v(j). Suppose -p = i - 56. What is the tens digit of i?
4
Suppose 2*t - 12 = -2*w, -4*t + 17 = 3*w - 4. Suppose -5*v - 15 = r + 3*r, -3*r - 9 = t*v. What is the units digit of (-1)/(3/171*v)?
9
Let w(h) = -2*h**3 - 4*h**2 + h. Let n = -8 - -3. What is the hundreds digit of w(n)?
1
Suppose 0*d - 10 = b + 2*d, 1 = -d. Let s = 25 + b. What is the units digit of s?
7
Suppose 566 = 5*y - 319. Suppose k = -2*k + y. What is the units digit of k?
9
Suppose -3*n + 4*b + 1575 = -1367, 4*b = 4*n - 3924. Suppose -5*m = 2*x - 0*x - n, x = -4*m + 788. What is the hundreds digit of m?
1
Let s(x) = -x**3 + 13*x**2 - 5*x + 7. Suppose 0 = -2*w - 5*q + 4*q + 25, 3*w - 40 = -4*q. What is the tens digit of s(w)?
9
Suppose 5*k + 16 + 4 = 0. Let t = 13 + k. Let c = 14 - t. What is the units digit of c?
5
Let b = -1 + 5. Let s(r) be the second derivative of r**4/12 - r**3/2 - r**2 - 78*r. What is the units digit of s(b)?
2
Suppose 4*b - 1709 = 4083. What is the hundreds digit of b?
4
Let a be (-3)/(30/4)*20/(-8). What is the units digit of (-2 + a + 3)/((-2)/(-89))?
9
What is the units digit of (-228)/760 - (-9403)/10?
0
Let r = -2 + 8. Let i(b) = 2*b - 10. Let a be i(10). Suppose 26 = 5*g + t + r, 3*t = -g - a. What is the units digit of g?
5
Let b = 3628 + -1804. What is the thousands digit of b?
1
Let m = -3552 + 6548. What is the hundreds digit of m?
9
Suppose -1046 = -l - 5*w, -w + 754 = 2*l - 1320. What is the units digit of l?
6
Suppose 33*o - 38*o + 20 = 0. What is the tens digit of (4/(-1))/o*-1*40?
4
Suppose 12956 = 4*x + 4*u, -x + 2*u + 3851 - 618 = 0. What is the tens digit of x?
3
Let c be 6/2 - (-9)/(-1). Let s be -1 - ((1 - 0) + c). Suppose 0 = 5*p - 2*a - s + 5, -4*p + 19 = 5*a. What is the units digit of p?
1
Let l(x) = x**3 + 2*x**2 - 3*x. Let o be l(4). Suppose 5*j - 2*j = o. What is the tens digit of j?
2
Let g(a) = -a**3 + 5*a**2 + a - 3. Let t be g(5). Let v be (-113 - (2 - t)) + 0. Let z = v - -168. What is the tens digit of z?
5
Let k = 202 + 332. What is the units digit of k?
4
What is the tens digit of 344/258*(3 + 2571/2)?
1
Suppose -151 = 2*k + 2*p + 31, -3*p + 329 = -4*k. Let n be k/(-18) - 4/(-18). Suppose -2*a = -n - 1. What is the units digit of a?
3
Let o = 191 - 138. Let w = 199 - o. What is the tens digit of w?
4
Let a(y) = 6*y**2 + 10*y - 48. What is the hundreds digit of a(5)?
1
Suppose 6*n + 549 = 3*n. Let f = n - -108. Let l = f - -109. What is the tens digit of l?
3
Suppose 4*g = g + 243. Let m = g - -21. Suppose -q = q - m. What is the tens digit of q?
5
Let o(p) = 7 - 4*p**2 + 2*p - 7*p + 7*p**2. What is the units digit of o(6)?
5
Let h(r) be the third derivative of -7*r**4/4 + 49*r**3/6 - 54*r**2. What is the hundreds digit of h(-5)?
2
Suppose -10*r + 8*r - 9890 = -5*z, -4*r - 7924 = -4*z. What is the hundreds digit of z?
9
Suppose 5*u - 7 - 33 = 0. Let b be (9/(-6))/((-6)/u). Suppose -b*h - 1 = -27. What is the units digit of h?
3
Suppose 4*w - 52 = -2*i, i = -3*w + 6*i + 65. Let h = -16 - w. Let o = h - -54. What is the units digit of o?
3
What is the units digit of (-145)/20 + 7 - 7659/(-12)?
8
Let i(q) be the first derivative of 1/3*q**3 + 2*q**2 + 5 - 10*q. What is the tens digit of i(-10)?
5
Let h(l) = -l**3 + 20*l**2 + 42*l - 20. What is the tens digit of h(21)?
2
Let q be ((-5)/(75/786))/(7/(-35)). Suppose 0 = 4*r + 3*m - 267, -4*r + q = -0*m + 2*m. What is the units digit of r?
3
Let k be (-1 - 7/(-2))*2. Let s(a) = a**2 + 9*a - 12. Let z be s(k). What is the tens digit of (-6 - -4)/((-4)/z)?
2
Let g = -38 + 39. Suppose -28 = -2*b + 2*m, 4*m + 0*m = -b - g. What is the units digit of b?
1
Let j be 18/(-4)*16/(-12). Suppose -j = -l + 3*l. What is the units digit of (-1)/l*3 + 1?
2
Let s be -3*((-56)/(-12) - 0). Let j = s + 19. Suppose 0 = 4*h + 6*t - 3*t - 71, -j*h - 2*t + 94 = 0. What is the units digit of h?
0
Suppose z - 28 = 2*a, 5*z - 3*a = -a + 180. Suppose -5*h + 12 = -z. Suppose -9*m + 7*m + h = 0. What is the units digit of m?
5
Suppose 8*o = 3*o + 25. Let t(w) = 2*w**3 - w**2 - 6*w + 6. What is the tens digit of t(o)?
0
Suppose 4*i - 2341 = -5*p, 2*p - 2*i - 1409 = -p. What is the tens digit of p?
6
What is the units digit of ((-3769472)/154)/(-16) + (-2)/(-11)?
0
Let a = -166 - -168. Let m(j) = j**3 - 4*j**2 + 2*j + 3. Let u be m(3). Suppose 2*f - 26 = 4*l, u = -2*f + f - a*l + 5. What is the units digit of f?
9
Let w(s) = 13*s - 8. Let x(r) = r**2 - 30*r + 2. Let j be x(30). What is the tens digit of w(j)?
1
What is the hundreds digit of (-4)/34 - ((-101250)/170)/5?
1
Let a be (-3)/12 + (-922)/(-8). Suppose 4*u + l + 0*l = -a, -4*u + 3*l - 135 = 0. Let h = -13 - u. What is the tens digit of h?
1
Let f = -39 + 39. Suppose 114 = 4*g - l, 4*g + 3*l - 122 = -f*l. What is the tens digit of g?
2
Suppose -5*d + 67*v + 2613 = 69*v, -5*d - 3*v = -2617. What is the hundreds digit of d?
5
What is the thousands digit of 1027 - 5 - -1 - 5?
1
Let n(k) = -k + 1. Let u(o) = o**3 - 2*o**2 + 3. Let d(x) = -n(x) - u(x). Let a be d(-4). Suppose h = -h + a. What is the units digit of h?
4
Let g = -89 - -250. Suppose -2*n + c + 108 = 0, 5*c - g + 25 = -3*n. What is the tens digit of n?
5
Let g(o) = o**3 - 7*o**2 + 11*o + 3. What is the tens digit of g(7)?
8
Suppose -3*w + 548 + 1684 = 0. What is the units digit of w?
4
Let u(j) = -j**2 - j - 1. Let g(d) = -5*d**2 - 13*d - 4. Let k(z) = -g(z) + 4*u(z). What is the units digit of k(-15)?
0
Let d(l) = 3*l**3 + 2*l + 1. Let f = -6 - -5. Let u be d(f). Let o = u - -9. What is the units digit of o?
5
Suppose -4*a + 0*a = 4*m - 1200, -4*a = -20. Suppose x - 49 = 4*w + m, -4 = -x. What is the tens digit of (-5)/30 + w/(-6)?
1
Let p(t) = t**3 - 6*t**2 + 10*t - 2. Let j be p(7). Let d be (90/(-25))/((-1)/(-20)). Let h = d + j. What is the units digit of h?
5
Suppose 11*s + 673 - 4754 = 0. Suppose -n = 5*h + 112 - s, -3*h + 3*n + 159 = 0. What is the units digit of h?
2
Suppose 94*s = 98*s - 880. What is the tens digit of s?
2
Suppose -7*p - 180570 = -46*p. What is the hundreds digit of p?
6
Suppose 243 = 3*s - 45. Suppose 6*w - s = 4*w. What is the tens digit of w?
4
Suppose 22*v + 162 = 20*v. Suppose 5*g = -3*u + 25, -2*g + 3*u + 15 - 5 = 0. What is the tens digit of (-2 + v/(-15))*g?
1
Let r = -1 - -1686. What is the tens digit of r?
8
Let r(x) = -x**3 - 9*x**2 + 9*x - 7. Let o(k) = 2 + 6*k - 10*k - 2*k. Let s be o(2). What is the units digit of r(s)?
3
Let s(v) = v**3 - 11*v**2 + 2*v - 18. Let k(c) = -c**2 - 14*c + 11. Let d be k(-14). What is the units digit of s(d)?
4
Suppose -5*t + 15 = 0, -w - 3*t = -8*t + 24. Let a = w + 14. What is the units digit of a?
5
Let q(b) be the third derivative of b**4/24 + 13*b**3/6 + b**2. Let n be q(-11). What is the units digit of (2 - 2) + n + 6?
8
Let z(r) = -r**3 - 3*r**2 + 13*r + 32. Let p = -5 - 1. What is the units digit of z(p)?
2
Suppose s - z - 99 = 0, -s + 0*s = 4*z - 104. Let k = s + 47. What is the tens digit of k?
4
What is the tens digit of (3/6)/(-5*(-5)/226150)?
2
Let h be 2 + -2 + -2 + 4. Suppose x - h*v - 18 = 3*v, -x + 9 = -2*v. What is the units digit of x/(-2)*42/(-9)?
7
Let n(l) = 12*l + 5. Suppose g - 2*j - 55 + 13 = 0, -4*g = -2*j - 144. Let a be (4/7)/(g/119). What is the tens digit of n(a)?
2
Let f = 849 - 597. What is the tens digit of f/5 - 4/10?
5
Let s = 34 - 47. Let y = s + 9. Let m(q) = -9*q + 1. What is the units digit of m(y)?
7
Suppose 5 + 1 = -3*b. Let f = 7 - b. Suppose f*p - 82 = 7*p. What is the tens digit of p?
4
Suppose 0 = -8*z - 2*z + 30. Let b(a) = 2*a**3 + 6*a**2 - 3*a - 7. What is the tens digit of b(z)?
9
Let k(r) = -2*r**2 - 12*r + 5. Let s be k(-7). Let o(z) = -2*z**2 - 9*z + 3*z**2 - 2*z**2 + 5. What is the units digit of o(s)?
5
Suppose -3*u = -15, 4*p - u + 40 = -233. Let g = 9 - p. What is the units digit of g?
6
Let p = 139 + 151. What is the tens digit of p?
9
Let n(m) = 17*m**2 - 3*m - 12. What is the units digit of n(6)?
2
Let s(u) = -u**2 - u + 2. Let q be s(-2). Let n = q - -101. What is the units digit of n?
1
Let d = 592 - -241. What is the tens digit of d?
3
What is the units digit of 10 